he units digit of 858?
8
What is the tens digit of 10368?
6
What is the hundreds digit of 83107?
1
What is the thousands digit of 5416?
5
What is the hundreds digit of 3536?
5
What is the hundreds digit of 5647?
6
What is the units digit of 59998?
8
What is the tens digit of 18997?
9
What is the units digit of 1187?
7
What is the hundreds digit of 9471?
4
What is the tens digit of 2120?
2
What is the hundreds digit of 8113?
1
What is the hundreds digit of 7242?
2
What is the units digit of 54420?
0
What is the hundreds digit of 4365?
3
What is the hundreds digit of 905?
9
What is the units digit of 4550?
0
What is the hundreds digit of 2325?
3
What is the hundreds digit of 1272?
2
What is the thousands digit of 1435?
1
What is the thousands digit of 15496?
5
What is the tens digit of 241?
4
What is the tens digit of 7502?
0
What is the tens digit of 12358?
5
What is the hundreds digit of 595?
5
What is the units digit of 1014?
4
What is the tens digit of 2764?
6
What is the units digit of 2482?
2
What is the ten thousands digit of 47648?
4
What is the units digit of 131?
1
What is the thousands digit of 1756?
1
What is the units digit of 36408?
8
What is the hundreds digit of 241?
2
What is the hundreds digit of 9660?
6
What is the thousands digit of 1685?
1
What is the hundreds digit of 6647?
6
What is the ten thousands digit of 11854?
1
What is the thousands digit of 106722?
6
What is the units digit of 126111?
1
What is the tens digit of 28?
2
What is the hundreds digit of 342?
3
What is the hundreds digit of 112625?
6
What is the hundreds digit of 2042?
0
What is the hundreds digit of 1152?
1
What is the units digit of 1958?
8
What is the ten thousands digit of 27850?
2
What is the tens digit of 46359?
5
What is the units digit of 64918?
8
What is the units digit of 87658?
8
What is the units digit of 23836?
6
What is the tens digit of 3335?
3
What is the hundreds digit of 734?
7
What is the thousands digit of 1988?
1
What is the units digit of 2178?
8
What is the tens digit of 1898?
9
What is the ten thousands digit of 72202?
7
What is the tens digit of 1030?
3
What is the tens digit of 5737?
3
What is the tens digit of 951?
5
What is the tens digit of 399?
9
What is the units digit of 625?
5
What is the units digit of 1319?
9
What is the thousands digit of 17179?
7
What is the tens digit of 13?
1
What is the thousands digit of 127859?
7
What is the tens digit of 14379?
7
What is the hundreds digit of 5635?
6
What is the units digit of 1814?
4
What is the units digit of 946?
6
What is the thousands digit of 1154?
1
What is the units digit of 692?
2
What is the tens digit of 67369?
6
What is the units digit of 217?
7
What is the tens digit of 5548?
4
What is the tens digit of 4894?
9
What is the tens digit of 728?
2
What is the units digit of 474?
4
What is the tens digit of 25440?
4
What is the tens digit of 10941?
4
What is the hundreds digit of 527?
5
What is the hundreds digit of 3260?
2
What is the ten thousands digit of 21744?
2
What is the units digit of 12267?
7
What is the units digit of 156?
6
What is the hundreds digit of 522?
5
What is the hundreds digit of 3325?
3
What is the ten thousands digit of 22234?
2
What is the tens digit of 22353?
5
What is the tens digit of 1615?
1
What is the units digit of 229?
9
What is the hundreds digit of 219?
2
What is the tens digit of 317?
1
What is the tens digit of 2957?
5
What is the units digit of 14181?
1
What is the thousands digit of 4058?
4
What is the tens digit of 259?
5
What is the tens digit of 2329?
2
What is the units digit of 42746?
6
What is the thousands digit of 13624?
3
What is the hundreds digit of 182649?
6
What is the thousands digit of 59539?
9
What is the thousands digit of 2547?
2
What is the units digit of 654?
4
What is the ten thousands digit of 32909?
3
What is the tens digit of 119?
1
What is the ten thousands digit of 70971?
7
What is the units digit of 426?
6
What is the tens digit of 80110?
1
What is the units digit of 1725?
5
What is the ten thousands digit of 69802?
6
What is the ten thousands digit of 59384?
5
What is the hundreds digit of 2683?
6
What is the tens digit of 45?
4
What is the hundreds digit of 66481?
4
What is the tens digit of 882?
8
What is the ten thousands digit of 13536?
1
What is the hundreds digit of 651?
6
What is the units digit of 6493?
3
What is the tens digit of 13?
1
What is the units digit of 18088?
8
What is the tens digit of 1409?
0
What is the units digit of 9976?
6
What is the units digit of 1354?
4
What is the hundreds digit of 291?
2
What is the units digit of 1400?
0
What is the units digit of 1292?
2
What is the units digit of 23476?
6
What is the thousands digit of 2433?
2
What is the hundreds digit of 13889?
8
What is the ten thousands digit of 38852?
3
What is the tens digit of 11746?
4
What is the hundred thousands digit of 132757?
1
What is the hundreds digit of 34734?
7
What is the tens digit of 270?
7
What is the hundreds digit of 1136?
1
What is the ten thousands digit of 51796?
5
What is the tens digit of 7872?
7
What is the hundreds digit of 9557?
5
What is the hundreds digit of 579?
5
What is the hundreds digit of 3150?
1
What is the thousands digit of 1496?
1
What is the tens digit of 15157?
5
What is the ten thousands digit of 23075?
2
What is the hundreds digit of 11086?
0
What is the units digit of 74?
4
What is the thousands digit of 1088?
1
What is the ten thousands digit of 14165?
1
What is the hundreds digit of 6466?
4
What is the tens digit of 700?
0
What is the tens digit of 15115?
1
What is the hundreds digit of 90945?
9
What is the units digit of 717?
7
What is the units digit of 150757?
7
What is the units digit of 145544?
4
What is the hundreds digit of 3390?
3
What is the units digit of 7760?
0
What is the hundreds digit of 4267?
2
What is the hundreds digit of 21447?
4
What is the hundreds digit of 5584?
5
What is the tens digit of 29661?
6
What is the tens digit of 834?
3
What is the hundreds digit of 2612?
6
What is the units digit of 2343?
3
What is the hundreds digit of 3784?
7
What is the tens digit of 106773?
7
What is the ten thousands digit of 50896?
5
What is the units digit of 152157?
7
What is the units digit of 33326?
6
What is the tens digit of 6743?
4
What is the units digit of 2577?
7
What is the thousands digit of 1180?
1
What is the hundreds digit of 1004?
0
What is the thousands digit of 4470?
4
What is the units digit of 1745?
5
What is the thousands digit of 2291?
2
What is the tens digit of 145980?
8
What is the ten thousands digit of 83386?
8
What is the tens digit of 8526?
2
What is the units digit of 85975?
5
What is the thousands digit of 5477?
5
What is the ten thousands digit of 62057?
6
What is the units digit of 1035?
5
What is the units digit of 7210?
0
What is the tens digit of 55247?
4
What is the ten thousands digit of 11450?
1
What is the tens digit of 556?
5
What is the tens digit of 2525?
2
What is the tens digit of 15165?
6
What is the thousands digit of 25340?
5
What is the thousands digit of 10885?
0
What is the hundreds digit of 5422?
4
What is the units digit of 60627?
7
What is the hundreds digit of 26675?
6
What is the ten thousands digit of 71728?
7
What is the tens digit of 48135?
3
What is the units digit of 249?
9
What is the hundreds digit of 9606?
6
What is the hundreds digit of 32458?
4
What is the hundreds digit of 13653?
6
What is the thousands digit of 80280?
0
What is the units digit of 36287?
7
What is the thousands digit of 23300?
3
What is the thousands digit of 6334?
6
What is the tens digit of 10191?
9
What is the units digit of 121710?
0
What is the tens digit of 2658?
5
What is the ten thousands digit of 14720?
1
What is the hundreds digit of 4315?
3
What is the hundreds digit of 716?
7
What is the thousands digit of 93221?
3
What is the hundreds digit of 22697?
6
What is the hundreds digit of 10320?
3
What is the units digit of 2462?
2
What is the units digit of 97626?
6
What is the hundreds digit of 459?
4
What is the ten thousands digit of 58419?
5
What is the hundreds digit of 2418?
4
What is the ten thousands digit of 13636?
1
What is the hundreds digit of 54816?
8
What is the hundreds digit of 8236?
2
What is the thousands